{"id":33,"date":"2020-02-25T14:34:28","date_gmt":"2020-02-25T13:34:28","guid":{"rendered":"https:\/\/trans-operation.de\/?page_id=33"},"modified":"2021-03-31T11:46:57","modified_gmt":"2021-03-31T09:46:57","slug":"impressum","status":"publish","type":"page","link":"https:\/\/trans-operation.de\/symposium2021\/impressum\/","title":{"rendered":"Impressum"},"content":{"rendered":"<h2>Dienstanbieter<\/h2>\n<p>Prof. Dr. Dr. Ulrich Rieger<br \/>\nAGAPLESION MARKUS KRANKENHAUS<br \/>\nKlinik &amp; Praxis f\u00fcr Plastische und \u00c4sthetische Chirurgie, Wiederherstellungs- und Handchirurgie<br \/>\nWilhelm-Epstein-Str. 4<br \/>\n60431 Frankfurt am Main<\/p>\n<h2>Kontakt<\/h2>\n<p>Telefon: (069) 95 33 &#8211; 25 44<br \/>\nTelefax: (069) 95 33 &#8211; 25 27<br \/>\nE-Mail: <a href=\"mailto:kontakt@trans-operation.de\">kontakt@trans-operation.de<\/a><\/p>\n<h2>Aufsichtsbeh\u00f6rde<\/h2>\n<p>Kassen\u00e4rztliche Vereinigung Hessen<br \/>\nEuropa-Allee 90<br \/>\n60486 Frankfurt<\/p>\n<p><a href=\"https:\/\/www.kvhessen.de\/\" target=\"_blank\" rel=\"noopener noreferrer\">https:\/\/www.kvhessen.de\/<\/a><\/p>\n<h2>Berufsbezeichnung und berufsrechtliche Regelungen<\/h2>\n<p>Berufsbezeichnung: Facharzt f\u00fcr Plastische und \u00c4sthetische Chirurgie, Handchirurgie<br \/>\nZust\u00e4ndige Kammer: Landes\u00e4rztekammer Hessen<br \/>\nVerliehen in: Deutschland<br \/>\nEs gelten folgende berufsrechtliche Regelungen: Berufsordnung f\u00fcr die \u00c4rztinnen und \u00c4rzte in Hessen<br \/>\nRegelungen einsehbar unter: <a href=\"https:\/\/www.laekh.de\/fileadmin\/user_upload\/Aerzte\/Rund_ums_Recht\/Rechtsquellen\/Berufsordnung.pdf\" target=\"_blank\" rel=\"noopener noreferrer\">https:\/\/www.laekh.de\/fileadmin\/user_upload\/Aerzte\/Rund_ums_Recht\/Rechtsquellen\/Berufsordnung.pdf<\/a><\/p>\n<h2>Redaktionell Verantwortlicher<\/h2>\n<p>Prof. Dr. Dr. Ulrich Rieger<br \/>\nAGAPLESION MARKUS KRANKENHAUS<br \/>\nKlinik &amp; Praxis f\u00fcr Plastische und \u00c4sthetische Chirurgie, Wiederherstellungs- und Handchirurgie<br \/>\nWilhelm-Epstein-Stra\u00dfe 4<br \/>\n60431 Frankfurt am Main<\/p>\n<h2>EU-Streitschlichtung<\/h2>\n<p>Die Europ\u00e4ische Kommission stellt eine Plattform zur Online-Streitbeilegung (OS) bereit: <a href=\"https:\/\/ec.europa.eu\/consumers\/odr\" target=\"_blank\" rel=\"noopener noreferrer\">https:\/\/ec.europa.eu\/consumers\/odr<\/a>.<br \/>\nUnsere E-Mail-Adresse finden Sie oben im Impressum.<\/p>\n<h2>Verbraucher\u00adstreit\u00adbeilegung\/Universal\u00adschlichtungs\u00adstelle<\/h2>\n<p>Wir sind nicht bereit oder verpflichtet, an Streitbeilegungsverfahren vor einer Verbraucherschlichtungsstelle teilzunehmen.<\/p>\n<h2>Haftung f\u00fcr Inhalte<\/h2>\n<p>Als Diensteanbieter sind wir gem\u00e4\u00df \u00a7 7 Abs.1 TMG f\u00fcr eigene Inhalte auf diesen Seiten nach den allgemeinen Gesetzen verantwortlich. Nach \u00a7\u00a7 8 bis 10 TMG sind wir als Diensteanbieter jedoch nicht verpflichtet, \u00fcbermittelte oder gespeicherte fremde Informationen zu \u00fcberwachen oder nach Umst\u00e4nden zu forschen, die auf eine rechtswidrige T\u00e4tigkeit hinweisen.<\/p>\n<p>Verpflichtungen zur Entfernung oder Sperrung der Nutzung von Informationen nach den allgemeinen Gesetzen bleiben hiervon unber\u00fchrt. Eine diesbez\u00fcgliche Haftung ist jedoch erst ab dem Zeitpunkt der Kenntnis einer konkreten Rechtsverletzung m\u00f6glich. Bei Bekanntwerden von entsprechenden Rechtsverletzungen werden wir diese Inhalte umgehend entfernen.<\/p>\n<h2>Haftung f\u00fcr Links<\/h2>\n<p>Unser Angebot enth\u00e4lt Links zu externen Websites Dritter, auf deren Inhalte wir keinen Einfluss haben. Deshalb k\u00f6nnen wir f\u00fcr diese fremden Inhalte auch keine Gew\u00e4hr \u00fcbernehmen. F\u00fcr die Inhalte der verlinkten Seiten ist stets der jeweilige Anbieter oder Betreiber der Seiten verantwortlich. Die verlinkten Seiten wurden zum Zeitpunkt der Verlinkung auf m\u00f6gliche Rechtsverst\u00f6\u00dfe \u00fcberpr\u00fcft. Rechtswidrige Inhalte waren zum Zeitpunkt der Verlinkung nicht erkennbar.<\/p>\n<p>Eine permanente inhaltliche Kontrolle der verlinkten Seiten ist jedoch ohne konkrete Anhaltspunkte einer Rechtsverletzung nicht zumutbar. Bei Bekanntwerden von Rechtsverletzungen werden wir derartige Links umgehend entfernen.<\/p>\n<h2>Urheberrecht<\/h2>\n<p>Die durch die Seitenbetreiber erstellten Inhalte und Werke auf diesen Seiten unterliegen dem deutschen Urheberrecht. Die Vervielf\u00e4ltigung, Bearbeitung, Verbreitung und jede Art der Verwertung au\u00dferhalb der Grenzen des Urheberrechtes bed\u00fcrfen der schriftlichen Zustimmung des jeweiligen Autors bzw. Erstellers. Downloads und Kopien dieser Seite sind nur f\u00fcr den privaten, nicht kommerziellen Gebrauch gestattet.<\/p>\n<p>Soweit die Inhalte auf dieser Seite nicht vom Betreiber erstellt wurden, werden die Urheberrechte Dritter beachtet. Insbesondere werden Inhalte Dritter als solche gekennzeichnet. Sollten Sie trotzdem auf eine Urheberrechtsverletzung aufmerksam werden, bitten wir um einen entsprechenden Hinweis. Bei Bekanntwerden von Rechtsverletzungen werden wir derartige Inhalte umgehend entfernen.<\/p>\n<p>Quelle: <a href=\"https:\/\/www.e-recht24.de\/impressum-generator.html\">https:\/\/www.e-recht24.de\/impressum-generator.html<\/a><\/p>\n<p>&nbsp;<\/p>\n<p>&nbsp;<\/p>\n<h2>Websupport<\/h2>\n<p>baehring.net | B\u00fcro f\u00fcr \u00fcberwiegend digitale Pr\u00e4sentation<br \/>\nDipl.-Ing. Sebastian B\u00e4hring<br \/>\nhttps:\/\/baehring.net\/<\/p>\n<p>&nbsp;<\/p>\n<p>Bildnachweis <a href=\"https:\/\/trans-operation.de\/symposium2021\/\">Startseite<\/a><br \/>\n\u00bbSkyline von Frankfurt am Main\u00ab<br \/>\n\u00a9 Adobe Stock \/ Markus Thoenen #111244114<\/p>\n<p>&nbsp;<\/p>\n<p>&nbsp;<\/p>\n","protected":false},"excerpt":{"rendered":"<p>Dienstanbieter Prof. Dr. Dr. Ulrich Rieger AGAPLESION MARKUS KRANKENHAUS Klinik &amp; Praxis f\u00fcr Plastische und \u00c4sthetische Chirurgie, Wiederherstellungs- und Handchirurgie Wilhelm-Epstein-Str. 4 60431 Frankfurt am Main Kontakt Telefon: (069) 95 33 &#8211; 25 44 Telefax: (069) 95 33 &#8211; 25 27 E-Mail: kontakt@trans-operation.de Aufsichtsbeh\u00f6rde Kassen\u00e4rztliche Vereinigung Hessen Europa-Allee 90 60486 Frankfurt https:\/\/www.kvhessen.de\/ Berufsbezeichnung und berufsrechtliche [&hellip;]<\/p>\n","protected":false},"author":2,"featured_media":0,"parent":0,"menu_order":90,"comment_status":"closed","ping_status":"closed","template":"","meta":[],"acf":[],"_links":{"self":[{"href":"https:\/\/trans-operation.de\/symposium2021\/wp-json\/wp\/v2\/pages\/33"}],"collection":[{"href":"https:\/\/trans-operation.de\/symposium2021\/wp-json\/wp\/v2\/pages"}],"about":[{"href":"https:\/\/trans-operation.de\/symposium2021\/wp-json\/wp\/v2\/types\/page"}],"author":[{"embeddable":true,"href":"https:\/\/trans-operation.de\/symposium2021\/wp-json\/wp\/v2\/users\/2"}],"replies":[{"embeddable":true,"href":"https:\/\/trans-operation.de\/symposium2021\/wp-json\/wp\/v2\/comments?post=33"}],"version-history":[{"count":12,"href":"https:\/\/trans-operation.de\/symposium2021\/wp-json\/wp\/v2\/pages\/33\/revisions"}],"predecessor-version":[{"id":340,"href":"https:\/\/trans-operation.de\/symposium2021\/wp-json\/wp\/v2\/pages\/33\/revisions\/340"}],"wp:attachment":[{"href":"https:\/\/trans-operation.de\/symposium2021\/wp-json\/wp\/v2\/media?parent=33"}],"curies":[{"name":"wp","href":"https:\/\/api.w.org\/{rel}","templated":true}]}}